 23))?
15
(-4 + -6 - -17) + -5 + -16
-14
What is -1 + 4 + (-1 - (-5 + 10))?
-3
Evaluate -3 - (2 + 1) - -14.
8
Evaluate 1 + 1 - (38 - (40 - 2)).
2
Calculate -7 + 16 + -13 - -8.
4
What is the value of (-1 - 1) + (-563 - -589)?
24
What is the value of -4 - (3 + (9 - -1)) - (-7 - 0)?
-10
What is 3 + -2 + 11 - (242 + -258) - 5?
23
What is (-37 + -16 - -18) + 35?
0
1 + -2 + (185 - 187)
-3
(1 - -8) + 26 + -31 + (7 - 0)
11
(7 - 13) + -2 - -27
19
Calculate -1 - (-4 - -1) - (1 + (13 - 13)).
1
What is (20 - (60 - 12)) + 27?
-1
Calculate (51 - 32) + (-20 - -4).
3
2 + -3 + -6 + (2 - 0) + -7
-12
What is (-24 - -10 - 16) + 21?
-9
What is the value of 0 + 10 + -3 + -23?
-16
(14 - (-2 - (-13 + 8))) + 1
12
What is (17 - (-4 - -13)) + -5?
3
Evaluate -4 - 16 - (1 - (11 - (22 - 11))).
-21
(7 - 6 - -5 - -1) + (-28 - -5)
-16
Calculate 5 - (-5 - 4 - -11 - 1).
4
What is -3 - (-4 + (10 - -20) + -8)?
-21
What is (-2 + -2 - (0 - 0)) + -22 + 33?
7
What is the value of -18 + 11 - (3 - (3 - -6))?
-1
Calculate (3 + -6 - -19 - (198 + -186)) + -15.
-11
Calculate 19 + -13 + -5 + -14.
-13
What is the value of 10 - (-2 - -6) - (-1 + -1 - -5)?
3
What is the value of -3 - 8 - 3 - -3?
-11
What is the value of 0 - (19 + (14 - 22) + 0 + -6)?
-5
21 + -12 + 12 + -22
-1
What is -18 + (103 - 69) + 15 + -1?
30
Evaluate 0 - -32 - (115 + -80).
-3
What is (-2 - -2 - (-27 - (5 + -22))) + 5?
15
Evaluate 1 - 13 - (0 - 8) - 11 - 0.
-15
What is 18 - 24 - (0 - 4)?
-2
What is the value of 1 + 3 + -4 + (24 - 13)?
11
Evaluate (19 - 3) + -1 + -24.
-9
What is (17 - (6 + 8)) + 3?
6
-23 - ((0 - 40) + 5)
12
What is (5 - -6 - 4) + (3 - 15)?
-5
22 + (1 + -19 + 26 + -19 - -8)
19
What is the value of -6 + (-32 + 47 - -14)?
23
What is (-109 - -110) + (1 - (0 - -1) - 6)?
-5
What is -62 + (121 - 33) - (-1 + -3 - 0)?
30
Evaluate (32 - 43) + 2 + 7.
-2
What is -1 + 2 - (-8 + -47 - -54)?
2
What is -12 + (23 - 11) - -5?
5
What is -4 + (6 - -18 - 19)?
1
Calculate 225 - 231 - (-1 - 5 - 1) - -1.
2
Calculate 7 + -24 + (26 - 19 - (-1 - -1)).
-10
Evaluate 6 + 6 + (-18 - -23 - (8 - 3)).
12
(6 - -3 - 4) + 0 + -1 + -2
2
What is -2 + -2 + (-350 - -334)?
-20
Evaluate 9 + (9 + -6 - 8) + -2.
2
What is -41 + 33 + 2 - (3 - -2 - 0)?
-11
(-10 + 14 - -3) + 0
7
Calculate (22 - (34 + -15) - (2 + 15)) + 4.
-10
What is 1 + (4 - 2 - (1 + -7))?
9
Calculate (235 - 246) + 2 + -2 + 2.
-9
Evaluate (-6 - 20) + (7 - -8).
-11
3 - (0 - 4) - (-3 - 2)
12
What is (-3 - 4) + (-16 - -14) + (-7 - -3)?
-13
What is -4 + 3 - -8 - ((-7 - -10) + 15)?
-11
Evaluate (-111 - -104) + (-1 - -30).
22
What is (9 - 3) + -5 + -3 - (18 + -20)?
0
Evaluate -2 - (24 + -25 - (8 - 0 - 3)).
4
What is the value of 1 + -3 + 6 + -15 + (-1 - -26)?
14
-2 - (-18 + (18 - 13)) - -4
15
What is -294 + 293 - (-8 + 0) - (0 - 7)?
14
Calculate (2 - -11 - 12) + -1.
0
What is the value of -3 - (15 + -17 + 8 + -2) - 2?
-9
Calculate -30 + 2 + (-3 + -9 - -14) + 2.
-24
What is the value of (-4 - 6) + (16 - 6) + -8 + 30?
22
What is the value of -21 + (2 + 34 - 10)?
5
What is the value of -15 - (4 - (9 - -9))?
-1
What is 0 - 2 - (31 - (80 - 48))?
-1
Calculate (6 + 2 + -10 - -5) + 1.
4
-38 - -20 - (-4 - 37)
23
Evaluate -16 + 32 - (-6 + 6 + (2 - 7)).
21
What is the value of 0 + -9 - (-11 + 9 + 5 - 2)?
-10
Evaluate 7 + (-34 - (-32 + -7)).
12
What is 9 + -1 + -6 + 6?
8
Evaluate -4 - (0 + -4 - (8 + -7 + -3)).
-2
What is the value of -3 + 10 + -3 + -9 + 12 + -3?
4
What is -2 + 9 + -1 - (117 + -120)?
9
What is 11 + 63 + -60 + (-1 - 2)?
11
What is (1 - -11) + (-3 - -4) + (-8 - -3)?
8
Evaluate -4 + (4 + -14 - -11) + -13.
-16
(-3 - 4) + (-3 - 6) + (27 - -2)
13
Evaluate 30 + 0 + (196 - 236).
-10
Evaluate (1 + (-1 - 1) - -7) + -13 + -9.
-16
What is -22 - (-30 - 24) - 15?
17
Calculate 44 - (3 + 8) - 57.
-24
What is 29 + -6 - (21 + -15)?
17
What is the value of 8 + (13 - 8) + -9?
4
What is (-19 - -33) + 3 + 0 + -9?
8
(-87 - -80) + (11 - 0)
4
Calculate 8 - (12 + -8 - -8).
-4
What is -2 + 21 - (33 + -28 + -12)?
26
Evaluate -23 + (24 - (-10 + 20)).
-9
What is -17 + 4 + 18 - (-1 + -2)?
8
What is -6 + (-2 - (-16 - (-8 + 4 - 3)))?
1
-50 - (29 + 2 + -62)
-19
0 - 0 - (-6 + 7 + 4 + -1)
-4
What is -5 - 5 - (96 + -132 + -9 + 0)?
35
38 + -33 + -5 + 11
11
What is the value of 18 + 16 + -27 + -20?
-13
Calculate 14 + (-14 - -3 - -22) - (3 - -1).
21
Calculate -21 - (-6 + 15 + -16).
-14
What is the value of 40 + -44 + (0 - -3)?
-1
Evaluate 16 - (16 + (-35 - -19)).
16
Evaluate -1 + 10 + (-102 - -109) - 9.
7
What is the value of 9 + (260 + -253 - (7 + -1))?
10
(26 - (-3 - -10)) + -1 + 1
19
Calculate -8 - (-107 - -115 - (6 - 1)).
-11
Calculate 5 + (-20 - -27) + -14.
-2
What is the value of 9 - 0 - (8 - (-5 - -6) - 6)?
8
What is the value of -9 + 24 + -5 - 13?
-3
Evaluate 1 + (-10 - (-5 + (-2 - 4))).
2
Calculate -39 - -21 - (5 - 5).
-18
What is the value of (-1 - -1) + (80 - 83)?
-3
What is the value of (-8 - -3) + 29 + -3 + (64 - 50)?
35
Evaluate 22 + 19 - 11 - 6.
24
Calculate 13 - (3 + -4 + 16).
-2
What is -7 + 24 - (-10 + 9 + -1)?
19
128 + -133 - (1 - (10 + -1))
3
What is the value of 87 + -87 - (-15 + (3 - 2))?
14
What is the value of 689 - 676 - (1 + 1 + 12)?
-1
Evaluate 18 + (23 - (31 + 8)).
2
Calculate 2 - 17 - ((63 - 16) + -46).
-16
What is the value of (-16 - 3) + 140 + -117?
4
Calculate 38 + (-54 - -36) + -33.
-13
Evaluate (-25 + 11 - (30 + -29)) + 3.
-12
What is the value of 20 - (23 + (-23 - -24))?
-4
Calculate 0 - (2 + -8) - (-31 - (31 + -57)).
11
Evaluate -89 + 100 + (-6 - (-3 - -3)).
5
60 - 58 - (-12 - -4)
10
Calculate -19 + (-18 - -33) + -13.
-17
Calculate (6 - (-1 + (4 - (-4 - -5)))) + -11.
-7
What is 21 + -10 - (15 - 11)?
7
What is the value of (-5 - 1) + -40 + 38?
-8
Calculate (-1 - 6) + -11 + (-32 - -65).
15
What is -4 - 0 - -33 - (-15 + 13 + -5)?
36
What is 28 - ((3 - 3) + -7 - -11)?
24
Calculate -8 - ((-10 - -1) + -8).
9
Calculate 18 + 4 + (-6 - (1 - -3)).
12
Calculate (10 + -39 - -35) + -1 + -31.
-26
What is the value of 50 - (36 + -39 + 42)?
11
-30 + (5 - 2) - (12 + 11 + -31)
-19
Evaluate -3 + 5 + -11 - (8 + -9).
-8
What is 20 - -6 - (6 - -7)?
13
Evaluate -7 - (0 - (0 + -1 - (29 - 27))).
-10
Calculate -57 + (13 - -20 - 6).
-30
(2 - -3) + (3 + -5 - -3)
6
Evaluate (-1 - -9 - -5) + (-16 - -19).
16
Calculate -6 + -7 + -6 + 19 - (1 + 10).
-11
What is 5 + -20 + 4 - (-2 + -1 - -1)?
-9
Calculate (48 - 79 - -8) + (8 - 0) + -3.
-18
Calculate -22 + -29 + 41 + -2.
-12
What is the value of 8 + (5 - (-31 + 27))?
17
-4 + 0 + 45 + -49 + 34
26
Calculate 46 + -61 - ((-6 - (-6 - -3)) + -2).
-10
Evaluate -10 - (3 + -6) - (-17 - -13 - 2).
-1
Evaluate -52 - (-13 + 18 + -41).
-16
22 + (3 + -17 - (2 + -7))
13
Evaluate 15 + (9 - (43 + -3)).
-16
Calculate -4 + (6 - (-5 + 11)).
-4
Evaluate -17 - -2 - -8 - -7.
0
Calculate -18 + (4 + -3 - -6).
-11
What is -9 + -5 - (-8 - (2 - 4 - 1))?
-9
What is -4 - (3 + -5) - (-143 - -151)?
-10
What is the value of (67 - 90) + (0 + -1 - -1 - -2)?
-21
What is -42 + (42 - -14) - -23?
37
21 + -1 + (315 - 330)
5
Evaluate (62 - 65) + (-3 - 0) + 5 + 9.
8
-29 + (32 + 8 - -16)
27
Evaluate 1 + 4 - (-300 - -310).
-5
-2 + 0 - (3 - (18 - (22 - 12)))
3
Evaluate 3 + (7 - (8 + -6)) - (-3 + -4).
15
What is (4 - (-16 - -14)) + -4 - -4?
6
Evaluate -55 + (25 - -32) + -1 + 18.
19
What is the value of (0 - 2) + 11 + -17?
-8
(64 - 42) + -2 + 6 + (1 - 2)
25
Calculate (-9 - 5) + 22 + -30.
-22
19 + -2 + 369 + -371
15
Evaluate 32 + -27 + (-3 + 2 - -1).
5
What is (-78 - -73 - (-5 - -5)) + (9 - -1)?
5
What is the value of -9 - (2 + -15) - -6?
10
Evaluate -42 + 25 + 15 + (-8 - (-1 - 1)).
-8
What is the value of (0 - -33) + (652 - 688)?
-3
What is -9 + (21 + -6 - 19)?
-13
What is the value of 24 + 12 + -31 + 18?
23
What is -20 + (-25 - (-9 + -14 + 11))?
-33
Calculate 3 + (1 - (0 - 1)) + 372 + -382.
-5
Evaluate -9 + (-4 - (3 + -13)) + (-1 - 22).
-26
(17 - -27) + (0 - (4 - -5))
35
(-7 - -13 - -15) + (-31 - -25)
15
What is the value of 4 + (7 - -1 - 25)?
-13
Evaluate 1 + (-28 - 24 - -27).
-24
What is the value of 10 - (0 + 0 + -15 + -2)?
27
What is the value of (-1 - 8) + 18 + -8 - 14?
-13
What is -10 + 0 + (17 - (16 + -6 - -13))?
-16
Evaluate (-3 - 2) + (0 - (10 + -6)).
-9
Calculate (0 + 0 - (18 + -1)) + 47.
30
-6 + (1 + 6 - 8) - 3
-10
What is the value of -8 + (14 + 0 + -2 - (14 - 6))?
-4
Calculate (2 - 6) + -12 + -5 + 23.
2
Wh